{"id":725,"date":"2018-09-28T16:13:13","date_gmt":"2018-09-28T15:13:13","guid":{"rendered":"https:\/\/novasteportho.d\/?page_id=725"},"modified":"2026-04-17T12:17:13","modified_gmt":"2026-04-17T11:17:13","slug":"global-foot-ankle-symposium-2","status":"publish","type":"page","link":"https:\/\/gfas.novasteportho.com\/fr\/","title":{"rendered":"Symposium Mondial du pied et de la cheville"},"content":{"rendered":"\n<div class=\"wp-block-group\"><div class=\"wp-block-group__inner-container is-layout-flow wp-block-group-is-layout-flow\">\n<div class=\"wp-block-group\"><div class=\"wp-block-group__inner-container is-layout-flow wp-block-group-is-layout-flow\">\n<div class=\"wp-block-group\"><div class=\"wp-block-group__inner-container is-layout-flow wp-block-group-is-layout-flow\">\n<div class=\"wp-block-group\"><div class=\"wp-block-group__inner-container is-layout-flow wp-block-group-is-layout-flow\">\n<div class=\"wp-block-group\"><div class=\"wp-block-group__inner-container is-layout-flow wp-block-group-is-layout-flow\">\n<p style=\"text-align: justify;\">Novastep, qui fait partie d\u2019Enovis\u2122 Foot &amp; Ankle, vous invite \u00e0 participer \u00e0 l\u2019\u00e9dition 2027 du GFAS \u00e0 Rome, Italie.<\/p>\n<p style=\"text-align: justify;\">Cette nouvelle \u00e9dition sera une occasion incontournable pour chaque participant d\u2019\u00e9changer sur les connaissances, l\u2019exp\u00e9rience, les bonnes pratiques et les r\u00e9sultats de chacun \u00e0 l\u2019\u00e9chelle internationale.<\/p>\n<p style=\"text-align: justify;\">Le programme acad\u00e9mique, pr\u00e9sid\u00e9 par une facult\u00e9 internationale d\u2019experts renomm\u00e9s dans le domaine de la chirurgie du pied et de la cheville, vous propose d\u2019\u00e9changer autour de conf\u00e9rences didactiques, de pr\u00e9sentations de cas, de tables rondes et discussions pointues qui mettront en \u00e9vidence une expertise clinique et scientifique mondiale de pointe<\/p>\n<\/div><\/div>\n<\/div><\/div>\n<\/div><\/div>\n<\/div><\/div>\n<\/div><\/div>\n\n\n\n<hr class=\"wp-block-separator has-css-opacity\"\/>\n\n\n\n<p><\/p>\n\n\n\n<h2 class=\"wp-block-heading has-text-align-center has-text-color has-background has-link-color wp-elements-d977464ed594c6489337c34d396b116e\" style=\"color:#c8102e;background-color:#e3e5e6\"><a href=\"https:\/\/gfas.novasteportho.com\/fr\/gfas-2025-lisbon\/\">PHOTOS GFAS 2025, LISBON<\/a><\/h2>\n\n\n\n<h2 class=\"wp-block-heading has-text-align-center has-large-font-size has-text-color has-background has-link-color wp-elements-9f93835dadb3efa2386d6c5cfcfa3f2c\" style=\"color:#c8102e;background-color:#e3e5e6\"><a href=\"https:\/\/fr.novastep.life\/gfas-2025-webcast\/\">CLIQUEZ ICI POUR (RE)VOIR LES PRESENTATIONS &amp; WEBCAST 2025 <\/a><\/h2>\n\n\n\n<p><\/p>\n\n\n\n<hr class=\"wp-block-separator has-css-opacity\"\/>\n\n\n\n<p><\/p>\n\n\n\n<h2 class=\"wp-block-heading has-text-align-center has-text-color has-background has-link-color wp-elements-24b639ad62b1d1f951b0080d713878aa\" style=\"color:#c8102e;background-color:#e3e5e6\"><a href=\"https:\/\/gfas.novasteportho.com\/fr\/photos-2\/\">PHOTOS GFAS 2023, ANNECY <\/a><\/h2>\n\n\n\n<h2 class=\"wp-block-heading has-text-align-center has-large-font-size has-text-color has-background has-link-color wp-elements-38aec4910823735d33169a556935f580\" style=\"color:#c8102e;background-color:#e3e5e6\"><a href=\"https:\/\/fr.novastep.life\/gfas-2023-webcast\/\">CLIQUEZ ICI POUR (RE)VOIR LES PRESENTATIONS &amp; WEBCAST 2023 <\/a><\/h2>\n\n\n\n<p class=\"has-text-align-center\"><\/p>\n\n\n\n<hr class=\"wp-block-separator has-css-opacity\"\/>\n","protected":false},"excerpt":{"rendered":"<p>Novastep, qui fait partie d\u2019Enovis\u2122 Foot &amp; Ankle, vous invite \u00e0 participer \u00e0 l\u2019\u00e9dition 2027 du GFAS \u00e0 Rome, Italie. Cette nouvelle \u00e9dition sera une occasion incontournable pour chaque participant d\u2019\u00e9changer sur les connaissances, l\u2019exp\u00e9rience, les bonnes pratiques et les r\u00e9sultats de chacun \u00e0 l\u2019\u00e9chelle internationale. Le programme acad\u00e9mique, pr\u00e9sid\u00e9 par une facult\u00e9 internationale d\u2019experts &hellip; <a href=\"https:\/\/gfas.novasteportho.com\/fr\/\">Continued<\/a><\/p>\n","protected":false},"author":1,"featured_media":0,"parent":0,"menu_order":0,"comment_status":"closed","ping_status":"open","template":"","meta":{"_acf_changed":false,"_monsterinsights_skip_tracking":false,"_monsterinsights_sitenote_active":false,"_monsterinsights_sitenote_note":"","_monsterinsights_sitenote_category":0,"footnotes":""},"class_list":["post-725","page","type-page","status-publish","hentry"],"acf":[],"_links":{"self":[{"href":"https:\/\/gfas.novasteportho.com\/fr\/wp-json\/wp\/v2\/pages\/725"}],"collection":[{"href":"https:\/\/gfas.novasteportho.com\/fr\/wp-json\/wp\/v2\/pages"}],"about":[{"href":"https:\/\/gfas.novasteportho.com\/fr\/wp-json\/wp\/v2\/types\/page"}],"author":[{"embeddable":true,"href":"https:\/\/gfas.novasteportho.com\/fr\/wp-json\/wp\/v2\/users\/1"}],"replies":[{"embeddable":true,"href":"https:\/\/gfas.novasteportho.com\/fr\/wp-json\/wp\/v2\/comments?post=725"}],"version-history":[{"count":0,"href":"https:\/\/gfas.novasteportho.com\/fr\/wp-json\/wp\/v2\/pages\/725\/revisions"}],"wp:attachment":[{"href":"https:\/\/gfas.novasteportho.com\/fr\/wp-json\/wp\/v2\/media?parent=725"}],"curies":[{"name":"wp","href":"https:\/\/api.w.org\/{rel}","templated":true}]}}

<div class="wp-block-group"><div class="wp-block-group__inner-container is-layout-flow wp-block-group-is-layout-flow">
<div class="wp-block-group"><div class="wp-block-group__inner-container is-layout-flow wp-block-group-is-layout-flow">
<div class="wp-block-group"><div class="wp-block-group__inner-container is-layout-flow wp-block-group-is-layout-flow">
<div class="wp-block-group"><div class="wp-block-group__inner-container is-layout-flow wp-block-group-is-layout-flow">
<div class="wp-block-group"><div class="wp-block-group__inner-container is-layout-flow wp-block-group-is-layout-flow">
<p style="text-align: justify;">Novastep, qui fait partie d’Enovis™ Foot &amp; Ankle, vous invite à participer à l’édition 2027 du GFAS à Rome, Italie.</p>
<p style="text-align: justify;">Cette nouvelle édition sera une occasion incontournable pour chaque participant d’échanger sur les connaissances, l’expérience, les bonnes pratiques et les résultats de chacun à l’échelle internationale.</p>
<p style="text-align: justify;">Le programme académique, présidé par une faculté internationale d’experts renommés dans le domaine de la chirurgie du pied et de la cheville, vous propose d’échanger autour de conférences didactiques, de présentations de cas, de tables rondes et discussions pointues qui mettront en évidence une expertise clinique et scientifique mondiale de pointe</p>
</div></div>
</div></div>
</div></div>
</div></div>
</div></div>



<hr class="wp-block-separator has-css-opacity"/>



<p></p>



<h2 class="wp-block-heading has-text-align-center has-text-color has-background has-link-color wp-elements-d977464ed594c6489337c34d396b116e" style="color:#c8102e;background-color:#e3e5e6"><a href="https://gfas.novasteportho.com/fr/gfas-2025-lisbon/">PHOTOS GFAS 2025, LISBON</a></h2>



<h2 class="wp-block-heading has-text-align-center has-large-font-size has-text-color has-background has-link-color wp-elements-9f93835dadb3efa2386d6c5cfcfa3f2c" style="color:#c8102e;background-color:#e3e5e6"><a href="https://fr.novastep.life/gfas-2025-webcast/">CLIQUEZ ICI POUR (RE)VOIR LES PRESENTATIONS &amp; WEBCAST 2025 </a></h2>



<p></p>



<hr class="wp-block-separator has-css-opacity"/>



<p></p>



<h2 class="wp-block-heading has-text-align-center has-text-color has-background has-link-color wp-elements-24b639ad62b1d1f951b0080d713878aa" style="color:#c8102e;background-color:#e3e5e6"><a href="https://gfas.novasteportho.com/fr/photos-2/">PHOTOS GFAS 2023, ANNECY </a></h2>



<h2 class="wp-block-heading has-text-align-center has-large-font-size has-text-color has-background has-link-color wp-elements-38aec4910823735d33169a556935f580" style="color:#c8102e;background-color:#e3e5e6"><a href="https://fr.novastep.life/gfas-2023-webcast/">CLIQUEZ ICI POUR (RE)VOIR LES PRESENTATIONS &amp; WEBCAST 2023 </a></h2>



<p class="has-text-align-center"></p>



<hr class="wp-block-separator has-css-opacity"/>

<p>Novastep, qui fait partie d’Enovis™ Foot &amp; Ankle, vous invite à participer à l’édition 2027 du GFAS à Rome, Italie. Cette nouvelle édition sera une occasion incontournable pour chaque participant d’échanger sur les connaissances, l’expérience, les bonnes pratiques et les résultats de chacun à l’échelle internationale. Le programme académique, présidé par une faculté internationale d’experts &hellip; <a href="https://gfas.novasteportho.com/fr/">Continued</a></p>
